j) = 1400*j**3 + 18*j**2 - 30*j + 84. List the prime factors of a(3).
2, 3, 3163
Suppose 0 = -5*f - 10, 5*j - 6402 = 29*f - 28*f. List the prime factors of j.
2, 5
Suppose -3*i = 5*p - 110, 0 = -2*i + 3*i + 5. Suppose 0 = -3*n + p*n - 13662. What are the prime factors of n?
3, 23
List the prime factors of ((-88)/(-3))/(-1)*4164012/(-2256).
2, 11, 23, 107
Suppose -5*o = 2*o. Suppose -r = -5*j + 15, 0 = 2*j - o*r - 3*r - 6. What are the prime factors of (-145)/(-15) + j/9?
2, 5
What are the prime factors of (-38 - 5 - -14)*-4*95?
2, 5, 19, 29
Let n be (13 - 4) + -3 + (-1 - -1). List the prime factors of n - (-96)/(-18) - (-3000)/9.
2, 167
Suppose -3*i = f - 10219, 313*i - 51030 = -5*f + 311*i. What are the prime factors of f?
2, 2551
List the prime factors of (14 - (-10516)/(-55))*(-1 - 2 - 2).
2, 443
Let x(v) = -5*v - 86. Let n be x(-4). What are the prime factors of (-88)/n - (-290)/3?
2, 7
List the prime factors of -1*28/4*(-9 + 94581/(-63)).
2, 3, 881
Suppose 5*k + 653 + 1757 = 2*w, -4*w = 5*k - 4760. Let y = w + -381. List the prime factors of y.
2, 11, 37
Let j(k) = -11*k**3 + 2*k**2 - 5*k - 5. Let z = -135 - -132. Let o be j(z). Let f = -89 + o. List the prime factors of f.
2, 59
Let s = 2134 + 557. What are the prime factors of s?
3, 13, 23
Let p(r) = -r**2 - 160*r + 332. What are the prime factors of p(-113)?
3, 11, 19
Let f(l) be the second derivative of l**6/120 - l**5/24 + 5*l**4/24 + l**3/6 - 10*l. Let z(q) be the second derivative of f(q). List the prime factors of z(4).
3, 11
Let p(l) = 380*l**3 + 3*l**2 - 10*l + 9. Let s be p(1). What are the prime factors of (s/(-2))/((-9)/45)?
5, 191
Let x be (-15)/(-30)*(-46 - -1)*8. Let h be 3/(-6) + 406/(-4). Let s = h - x. What are the prime factors of s?
2, 3, 13
Let g = -5912 - -23179. List the prime factors of g.
31, 557
Let t(i) = -1079*i**2 - 23 + 31*i + 544*i**2 - 37 + 540*i**2. List the prime factors of t(12).
2, 3, 43
Suppose 2*y - 4*h = -y + 13, 4*y - 36 = -4*h. What are the prime factors of 1772/y - (-30)/(-210)?
11, 23
Suppose -4*b = p - 24, -b = -3*p - 4*b + 27. Suppose u + 2*k - 753 = -4*u, p = k. List the prime factors of u.
149
Let d(w) = 28*w - 203. What are the prime factors of d(12)?
7, 19
Let b be (10 - -300)*(-2)/(-4). Let j(a) = 7*a**2 + 2*a - 11. Let m be j(-6). Let x = m - b. What are the prime factors of x?
2, 37
Let q = -146 + 140. What are the prime factors of (-1827)/q + (3 - (-15)/(-6))?
5, 61
Let c(l) = -2*l - 35. Let n(g) = 3*g + 34. Let m(b) = -4*c(b) - 5*n(b). Let k(h) = h - 1. Let v(f) = -6*k(f) - m(f). What are the prime factors of v(-16)?
2, 5
Let d = 367 - 363. What are the prime factors of (-2 - -351)*(3 + -2) - d?
3, 5, 23
Suppose -382*o - 38098 = -384*o - 4*l, -19065 = -o - 4*l. List the prime factors of o.
7, 2719
Let v(y) = y**2 - 16*y + 32. Let c be v(14). Let x be (c + 1)*8/10. Suppose -x*z - 5*f + 283 = 0, 0*f - 3 = 3*f. List the prime factors of z.
2, 3
Let w = -85 + 122. Suppose w*p - 29*p = 1352. What are the prime factors of p?
13
Let t = 276 - 274. Let c(s) = 12*s - 17. What are the prime factors of c(t)?
7
Suppose 12 = -3*q - 3*z, 0 = -4*q - 2*z - 26 + 6. What are the prime factors of (986/2)/(((-8)/q)/4)?
3, 17, 29
Let s(x) = 10*x - 2. Let p = -24 - 0. Let f = -21 - p. List the prime factors of s(f).
2, 7
List the prime factors of (0 + 0 - 1)/((-12)/319044*11).
2417
Let h(s) = 2 - 3*s**3 + 452*s**2 + 4*s**3 - 446*s**2 - 12*s + 0*s**3. Let r be h(-7). Suppose 32*j = r*j - 565. List the prime factors of j.
113
Let u(j) = -3 + 889*j**3 + 6*j + 1 - 2*j**2 + 5*j - 13*j + 5*j. List the prime factors of u(1).
2, 3, 37
What are the prime factors of 193377/13 + (120/(-156))/5?
5, 7, 17
Let m(u) be the third derivative of 721*u**4/24 - 21*u**3/2 - 5*u**2 - 13*u. What are the prime factors of m(2)?
7, 197
Let y(n) = 5*n**2 - 3*n - 2. Let o be y(1). Suppose 0*z + 5*z - 1905 = o. What are the prime factors of z?
3, 127
Suppose -2*f + 3*g + 9 = -2*g, -5*f = -4*g - 14. Suppose -17*d + 14*d + 1483 = -f*v, -4*d + 1954 = 2*v. List the prime factors of d.
491
Suppose 6*f + 2113 - 115 = 0. Let o = 186 - f. What are the prime factors of o?
3, 173
Let t = -3628 - -9709. What are the prime factors of t?
3, 2027
Let h = 7974 + 50337. List the prime factors of h.
3, 11, 19, 31
Let n(p) = p + 9. Let h be n(-7). Let t be ((-4)/h)/(-6) - 1256/(-12). Suppose 11*f = t - 28. What are the prime factors of f?
7
Let t = 470 + -264. Let q = t - 89. Suppose 355 - q = 2*f. List the prime factors of f.
7, 17
What are the prime factors of (-3)/15*18*(1 + (-90532)/12)?
2, 3, 31, 73
Let d = -323 - -6488. List the prime factors of d.
3, 5, 137
Let h(l) = 2*l**2 + 6*l + 4. Let c be h(-2). Suppose c = -4*q + 273 + 327. Let w = q + -79. What are the prime factors of w?
71
Let z(x) = -2606*x**3 - 12*x**2 - 29*x - 12. List the prime factors of z(-2).
2, 7, 1489
Let q = -1369 - -58933. What are the prime factors of q?
2, 3, 13, 41
Let v(m) = 10122*m**2 + 15*m + 15. List the prime factors of v(-1).
2, 3, 7, 241
Suppose 0 = 12*o - 21*o - 18. List the prime factors of 3160/6 - (-1)/(-6)*o.
17, 31
Suppose 0 = -3*w + 6, -5*r + 571 - 3244 = w. Let k = r - -1412. List the prime factors of k.
877
Let j(s) = 19*s**2 + 83*s - 17. Suppose -48 = 5*w - 4*x + 3*x, 4*w - x + 38 = 0. List the prime factors of j(w).
3, 13
Suppose 0 = -7*d + 4*d + 12. Suppose 4*y - 1368 = -d*h, 793 = 2*y + 3*h + 104. Let q = y + -229. What are the prime factors of q?
2, 3
Suppose 5*n = -4*m + 138, 170 = -0*m + 5*m + 5*n. Let t(b) = -b**2 - 18*b - 14. Let y be t(-11). Let k = y + m. List the prime factors of k.
5, 19
Let f(j) = 844*j**2 + 30*j - 11. List the prime factors of f(-8).
5, 10753
Let w(k) = 4*k**2 + 14*k + 60. Let q be w(11). Let v = 1307 - q. What are the prime factors of v?
3, 7, 29
Let b = 3751 - 6357. Let g = b + 3940. What are the prime factors of g?
2, 23, 29
Suppose -13*x + 34587 + 6987 = 0. Let j = x - 2155. List the prime factors of j.
7, 149
Let d(m) = m**3 + 50*m**2 + 4*m - 77. What are the prime factors of d(-32)?
11, 1657
Let i be -65 + 3/(-5 + 2). What are the prime factors of 156/(4 + 252/i)?
2, 3, 11, 13
Let u(s) = -51*s - 57. Let c be u(-10). Suppose -3*w + 858 = -3*m - 489, w - c = 2*m. List the prime factors of w.
5, 89
Let h(i) = -i**2 + i. Let s = -2 + 0. Let y(l) = -5*l**2 + l + 13. Let g(z) = s*h(z) - y(z). List the prime factors of g(-6).
257
Let f(z) = -z**3 - 6*z**2 + 5*z - 10. Let l be f(-7). Suppose 5*d - 1616 = -l*h + 7*h, -5*d + h = -1612. List the prime factors of d.
2, 7, 23
Suppose -5*k + 20356 = -l, 0 = -k + l + 2170 + 1898. What are the prime factors of k?
2, 509
Let o(y) = 2*y**2 - 4*y + 61. Suppose -108 = -23*f + 5*f. List the prime factors of o(f).
109
Let y = -211 - -215. Suppose -m + 114 = l - 287, m = y*l + 401. List the prime factors of m.
401
Suppose 0 = -155*v + 156*v - 2. Suppose 5*u + 51 = -k - 2*k, -2*k - v*u = 30. What are the prime factors of (k - -9) + (0 - -221)?
2, 109
Suppose -3*o - 40 = 2*l, 0 = 3*l - 3. Let q be 30/(-20)*(-16)/6*1. Let m = q - o. What are the prime factors of m?
2, 3
Let x = 8914 + -8118. What are the prime factors of x?
2, 199
Suppose -359*d + 27888 = -356*d + 5*m, -3*d = -m - 27924. What are the prime factors of d?
2, 3, 11, 47
Suppose 2496 = -3*z + s + 44864, s + 5 = 0. List the prime factors of z.
3, 523
Let i(j) be the first derivative of -3*j**2/2 + 17*j - 27. Let d be i(5). Suppose -102 + 336 = d*v. List the prime factors of v.
3, 13
Suppose -4*g - 8 = -5*g. Suppose 22*z - g*z = 6202. What are the prime factors of z?
443
Let d be 84 - 87 - 1*2. List the prime factors of 1351 + -65 - (d - 1).
2, 17, 19
Let k(u) = -3*u - 8. Let v be k(6). Let q(s) = 2*s - 175. Let r be q(79). Let n = r - v. What are the prime factors of n?
3
Suppose 3*f = 4*t - 18135, 0 = 26*t - 31*t + 3*f + 22665. List the prime factors of t.
2, 3, 5, 151
Suppose 4*m - 5 = -3*z, 3*z = 4*m - 15 + 4. What are the prime factors of -2 + 5 + m + 314?
11, 29
Suppose 3*p + 19 = -17. Let w be -5 - (0 + -2) - p. Suppose 172 = 5*j - 5*d - 343, 0 = -3*d + w. What are the prime factors of j?
2, 53
Let w(b) = 85*b - 581. List the prime factors of w(63).
2, 7, 11, 31
Let q = -41 - -89. Suppose 0*z + 8*z = q. Suppose -3*d + 250 = w - 295, 3*w - z = 0. List the prime factors of d